e number?
False
Suppose 2*k + 0*k = 5*i - 19, -3*k - 16 = -5*i. Suppose k*z + 3*o = -2*o + 2593, -2*z = 5*o - 1732. Suppose 2*t + t = z. Is t a prime number?
False
Let c = 27 - 17. Let v be (-2)/4 + 55/c. Suppose 491 = v*w + y + 51, -2*y = 2*w - 184. Is w a composite number?
True
Suppose -q + 5 = 0, 5*h + 4*q - 2*q = 16865. Is h prime?
True
Let g(y) = y**3 - 7*y**2 + 5*y + 9. Let h be g(6). Suppose 4*x = 3*j + 8611, 0 = -h*x - 3*j + 7353 - 879. Is x a prime number?
False
Let x be (-6)/(-10) + (-1302)/(-30). Let v be x/(-77) + 918/14. Let f = 77 + v. Is f prime?
False
Suppose -18*j + 43322 = -3136. Is j a composite number?
True
Let a(s) = -4*s + 7*s**2 - 2*s**2 - s**3 + 0*s**2 - 2. Let d be a(4). Let c(n) = -26*n**3 + n**2 + n + 1. Is c(d) composite?
False
Suppose 0 = 2*g + 3*f - 6*f - 2859, -5*f = -25. Is g composite?
True
Let x be 2 + (-3 - (-18 + 3)). Suppose 2*y = 4*f - 16, 4*y + f + x = -0*f. Is (y + 90)/((-4)/(-14)) prime?
False
Let f = -652 + 1361. Let q = f - 168. Is q prime?
True
Let w be (2/(-6))/((-1)/9). Suppose -19 = 4*d - w*h + 5, -5*d - h - 30 = 0. Is 404/3 + d/9 a prime number?
False
Suppose -9*r = 8*r - 32759. Is r composite?
True
Let m(k) = -1295*k**3 - 4*k**2 - 6*k + 2. Is m(-3) a composite number?
False
Is (1693/(-6))/((-9)/54) a composite number?
False
Let y(r) be the first derivative of 27*r**2 + r - 74. Suppose 0 = 3*f - 8*f + 5. Is y(f) a composite number?
True
Let f be (-1)/2*-2*3. Suppose 5*m = -b, f*b + 2*m - 3 = 2*b. Suppose b*r - 43 = 292. Is r a prime number?
True
Is (-1)/(-9) - 1401250/(-45) a prime number?
True
Let d(o) = o**2 - 6*o - 15. Let l be d(8). Suppose 7 + l = 4*y. Suppose 0 = y*i, -n + 65 = i - 0*i. Is n a prime number?
False
Suppose 0 = 4*n - 13 - 15. Is (-1 + -652)*(-8 + n) a composite number?
False
Suppose -4*z = -6*x + 3*x + 14931, 3*x - 14928 = 5*z. Is x composite?
True
Suppose 0 = 59*g - 48*g - 94853. Is g composite?
False
Let h be 6350 + 0*(-3)/9. Suppose -h = -3*v - 683. Is v a prime number?
True
Let g = -140 - -61. Let j = g - -350. Is j a prime number?
True
Let q(o) = o**2 + 2*o - 3. Let c be q(2). Suppose 5*r = 2*w - 1062, c*r - 514 = -w - 13. Is w composite?
False
Suppose 12*o - 10*o = 3802. Is o prime?
True
Let b be (-36324)/(15/(-10) + 3). Is b/(-8) - (-8)/2 a composite number?
True
Let i(d) be the third derivative of d**5/30 - d**4/24 + 5*d**2. Let r be i(-1). Let c = r - -10. Is c composite?
False
Let b(g) be the second derivative of -12*g**5/5 - g**4/6 - g**3/2 - 3*g**2/2 + 30*g. Is b(-2) prime?
True
Let o(k) = k**3 + 48*k**2 - 18*k - 135. Is o(-40) prime?
False
Suppose 9*o - 4142 = 7*o. Suppose 0 = 5*l + h - 4044, 3*l - o = h + 357. Is l a composite number?
False
Suppose 57*g + 57*g - 8112354 = 0. Is g a composite number?
False
Let r = 4744 - 1436. Is r/10 + 4 + (-38)/10 prime?
True
Let w(g) = 15*g + 5749. Is w(0) a prime number?
True
Let v be (-10)/((-98)/48 + 2). Let o = -156 + 493. Suppose -j = 3*j - f - o, 3*j - 5*f - v = 0. Is j a prime number?
False
Suppose -3*x + 5*y = 3, -x = 2*x - 4*y. Let n be x/(-14) + (-1670)/(-14). Let t = 198 + n. Is t a prime number?
True
Suppose -5*c + 316 = -0*c - 3*j, -5*c + 2*j + 314 = 0. Let v = 409 - c. Is v a composite number?
False
Suppose n = l + 3, -4*n - 12 = -0*n + 4*l. Suppose 2*d + 4*d - 6294 = n. Is d prime?
True
Let n be ((-39)/(-26))/(3/4). Suppose m = n*m. Suppose -5*r + m*r = -815. Is r composite?
False
Let l be (276/(-30))/(2/(-220)). Suppose -l = 3*k - 2575. Is k prime?
True
Let r(o) = 49*o**2 + 2*o + 2. Let y be r(-2). Let w be (6/(-12))/(2/(-1008)). Suppose -2*g + y = -w. Is g a composite number?
False
Is (-24180)/(-33) + (-78)/(-286) composite?
False
Let u(k) be the third derivative of 239*k**5/60 + 3*k**4/8 + 5*k**3/6 - 16*k**2 - 2*k. Is u(-4) prime?
True
Let u(z) = -z**3 - 7*z**2 + 6*z - 12. Let h be u(-8). Suppose -5*x + 0*x = -3*j + 2875, 0 = -2*j - h*x + 1902. Is j a prime number?
False
Let c(p) = 10*p**2 + 14*p - 25. Let g(i) = 7*i**2 + 9*i - 17. Let l(x) = -5*c(x) + 7*g(x). Let n be l(-7). Suppose n*b - 3176 = -2*b. Is b a composite number?
False
Let f = -7590 - -14767. Is f a prime number?
True
Suppose 5*u + 3*j = -21549 - 3330, 5*u + 5*j + 24875 = 0. Is u/(-45) + 2/5 prime?
False
Let x = 1146 + -769. Is x prime?
False
Let g = -17 - -23. Let q = 8 - g. Suppose 6*i + q*a - 222 = 2*i, -4*a - 161 = -3*i. Is i prime?
False
Is 2/(-11 + 3603/327) a prime number?
True
Suppose 4 = x, -5*c - 20 = x + 6. Let u(w) = w**3 + 6*w**2 + w + 8. Let f be u(c). Suppose j = -a + 166, 2*a - 825 = -5*j - f*a. Is j prime?
False
Suppose -11*m + 34112 = -47211. Is m composite?
False
Let n(s) = 7*s**2 - 19*s + 87. Is n(14) prime?
True
Let u(m) = 148*m - 4. Let j be u(1). Suppose f + 1137 = l, -l + 999 = 2*f - j. Is l prime?
False
Suppose 35*c = 38140 + 150825. Is c a prime number?
True
Is 1156 - ((-231)/(-49) - (-10)/35) composite?
False
Suppose 4*t - 8*t = -8. Suppose g - t*g - 2*x = -28, 5*x - 87 = -3*g. Is g a composite number?
True
Suppose 0 = -z + 3*r - 1133, 0 = 3*r + 6 - 15. Let l = 1887 + z. Is l prime?
False
Is (-11182)/(-14) + 186/651 prime?
False
Let b = 5110 + 1669. Is b a prime number?
True
Let x(m) = -m**3 - m**2 + 4*m - 4. Let k be x(2). Is (-2056)/k - (1 + -1) prime?
True
Let n(w) = -5*w + 28. Let p be n(6). Let a(g) = -1898*g - 3. Is a(p) a prime number?
True
Let h(i) = 4*i**3 - 6*i**2 + 167*i - 11. Is h(10) prime?
True
Let x(j) = -j**2 + 10*j - 6. Let i be 12 + -3 + 0 + 0. Let s be x(i). Suppose 46 = s*c + 5*q, -5*c + 2*q + 146 - 28 = 0. Is c prime?
False
Let d = 132 - -3367. Is d a prime number?
True
Let x = -2397 + 1121. Is (-18)/30 - x/10 a composite number?
False
Let c = 14119 + -4748. Is c prime?
True
Suppose -3*w + 9 = 4*l, -3*l + 5*w + 14 = -0. Suppose -930 = -m - 2*k - l*k, -1920 = -2*m + 2*k. Suppose -6*u - 157 = -m. Is u prime?
False
Let i = 25 + 27. Let b = 165 - i. Is b composite?
False
Let o(y) = -3*y - 6. Let a(h) = -10*h - 17. Let z = -7 - -3. Let s(d) = z*a(d) + 11*o(d). Is s(11) composite?
False
Let c(m) = m**3 - 4*m**2 - 9*m - 14. Let h be c(6). Is (h/((-4)/1709))/(-1) a prime number?
True
Suppose -5*u + 915 = -2*r, -u + 21 + 184 = 4*r. Let h = -5 - -7. Suppose -y = -h*y + u. Is y a composite number?
True
Let z = 65979 - 40588. Is z composite?
False
Suppose -5*q = 5*q - 30. Let z = -66 - -142. Suppose 0 = c - 4, q*c + z = 4*d + c. Is d prime?
False
Let y be (-3)/(-6) - (-9)/6. Let x be (-9)/(-6)*y - -283. Suppose x = 4*f + 2*l, -2*l - 121 - 145 = -4*f. Is f a composite number?
True
Suppose 0 = 2*k + u - 57281, -5*u = -13*k + 14*k - 28618. Is k prime?
True
Let w(p) be the third derivative of 0 + 13/24*p**4 - 1/6*p**3 - p**2 + 0*p. Is w(3) composite?
True
Suppose -10*y + 32732 = -27078. Is y a composite number?
False
Let t(d) = -2*d + 10398. Let z be t(0). Is z/(-4)*10/(-15) a composite number?
False
Let k(q) be the second derivative of -11/2*q**2 - 29/6*q**3 + 0 - 7*q. Is k(-5) a prime number?
False
Let q = 30 + -26. Suppose 2*i + 586 = q*i. Is i a prime number?
True
Suppose 0 = 4*d - 2*v - 53290, 7591 - 47559 = -3*d + v. Is d composite?
True
Let s(d) = 25*d**2 - 27*d - 59. Is s(-14) prime?
False
Suppose 3*p - 3*o = 57408, 3*p - 55012 = -2*o + 2411. Is p a composite number?
False
Let r = 4 - -46. Is -3 + r/18 + (-1901)/(-9) composite?
False
Let w(y) = 21*y - 14. Let r be w(3). Suppose 0 = -4*v + 26 + 798. Let d = v - r. Is d a prime number?
True
Suppose 4*v + 2*o = 32, -14 = 5*v + 4*o - 57. Let p(q) = 10*q - 293 + 310 - 10*q + 20*q. Is p(v) composite?
False
Let k = -124362 - -176525. Is k a composite number?
False
Let h = -73 - -140. Suppose -w - c - 4*c + h = 0, w - 97 = c. Let i = -3 + w. Is i a composite number?
False
Let d(o) = -o**2 - 8*o - 12. Let u = -23 + 16. Let s be d(u). Is (7/(-2))/(s/370) a composite number?
True
Suppose -585 = -5*y + 870. Is y composite?
True
Let r(q) be the third derivative of -q**6/120 + 7*q**5/20 + q**4/12 + 13*q**3/6 - 4*q**2. Is r(21) a composite number?
True
Let c(f) = -f + 14. Let x be c(6). Suppose -x*g + 3*g + 955 = 0. Is g a composite number?
False
Let s = 3888 + 1385. Is s composite?
False
Let s(h) = -78*h - 61*h - 53*h - 5. Suppose 2*u - 6*f = -4*f - 8, -4*u - f = 6. Is s(u) composite?
False
Let d = 25 - 21. Suppose 944 = -2*z + 2*o - 0*o, -3*z - d*o - 1409 = 0. Let 